89
Suppose -100*p = -93*p - 476. Calculate the greatest common divisor of p and 34.
34
Let b be (-48)/(-1) + 16/4. Suppose -14*o + b = -18. Suppose 0 = o*q - 4*x - 143, 3*q - 6*q + 4*x = -89. Calculate the greatest common divisor of 135 and q.
27
Let c = 7 + -7. Suppose -3*i + i + 8 = c. Let w be -2 + 81 + -2 + 0/i. Calculate the highest common divisor of w and 11.
11
Suppose 8*z = 6*z + 180. Let n be (z/4)/(4/8). What is the highest common divisor of 18 and n?
9
Let r(d) be the third derivative of 3*d**4/8 - 9*d**3/2 + 15*d**2. Let n be r(8). Let z be 5 - (6 + -2) - -29. What is the greatest common divisor of z and n?
15
Let u be 3/((-27)/1960) + (-70)/315. Let i = 223 + u. Let w(v) = -v**3 - 7*v**2 + 7*v + 12. Let y be w(-8). Calculate the highest common factor of i and y.
5
Suppose 0 = -45*a + 180 + 4500. Suppose -c + 22 = -0*s + 2*s, -5*s + 16 = c. What is the greatest common factor of c and a?
26
Suppose 427*i - 100 = 417*i. Calculate the greatest common divisor of i and 1070.
10
Suppose -39*o + 347 + 121 = 0. Suppose 0 = -o*y - 9*y + 1491. What is the highest common divisor of y and 213?
71
Let j(v) = 81*v**3 - v**2 - v. Let q be j(1). Let y be 237/(20/(-32) - -1). Calculate the highest common factor of q and y.
79
Let r(t) = -10*t**3 - 4*t**2 - t + 2. Suppose 14*v + 8 = -20. Let u be r(v). Suppose 5*j - u - 197 = 0. Calculate the greatest common factor of j and 424.
53
Let z(p) = p**3 + 9*p**2 - 8*p - 19. Let k be z(-9). Let f = 2230 - 1753. Calculate the greatest common divisor of k and f.
53
Let c be 129/9 + (-5)/15. Let s be 2/c*-2 + 204/28. Calculate the greatest common factor of 84 and s.
7
Suppose -12*o + 8*o = -k - 71, -2*o = -2*k - 34. What is the greatest common divisor of 3825 and o?
9
Let y = -12053 - -13208. What is the highest common factor of y and 60?
15
Suppose 10*r + 18 + 482 = 0. Let a = 41 + r. Let f be (a/15)/(4/(-180)). Calculate the greatest common factor of f and 27.
27
Suppose 0 = -12*k + 7*k - 645. Let s = k - -197. Calculate the greatest common factor of s and 17.
17
Let a(w) = -w**2 - 139*w - 2185. Let g be a(-19). What is the greatest common factor of g and 4940?
95
Suppose 0 = 58*i - 32*i - 28*i + 4008. What is the highest common factor of i and 8?
4
Suppose 16*r - 27 = 5. Let o be ((50/(-5))/(-5))/r. Let q be (-20 + 6)*o*1/(-2). What is the highest common factor of 49 and q?
7
Let o be -2 + (-11)/(-5) - -404*(-1)/(-5). Calculate the highest common divisor of 594 and o.
27
Let c = -136 + 138. Suppose 18*l + 5*a + 19 = 16*l, 0 = -c*l + 3*a + 21. What is the greatest common divisor of 6 and l?
3
Suppose -5*v + c = -49857 + 11327, c = -5*v + 38520. Calculate the highest common factor of v and 69.
23
Suppose 5*f - 4*f - 4*l + 5 = 0, -5*l - 5 = -5*f. Suppose 0 = -4*j - f*r + 127, j + j - 3*r - 41 = 0. Calculate the greatest common factor of 105 and j.
7
Let b be (21/35)/(1/5). Suppose 5*l + 10 = -c, 0*l - b*l - 16 = c. Let z = 52 + c. Calculate the highest common factor of z and 18.
9
Let p = -6 + 356. Let v be p/126 + -3 - (-1127)/9. Let g = 81 - 56. Calculate the highest common factor of v and g.
25
Let j = 87 + -62. Let g = 4881 + -4806. Calculate the highest common factor of j and g.
25
Suppose 6*s = -4*m + 4286, -2*m + 2854 = 8*s - 4*s. Calculate the highest common factor of s and 27.
9
Let w(n) = 9*n**2 - 10*n - 69. Suppose 98 = -29*y - 76. Let l be w(y). What is the highest common factor of 15 and l?
15
Suppose 0 = -5*x + 10 - 20. Let a(q) = -28*q**2 - 3 + 0 + 64*q**2 - 4*q + 37*q**2. Let c be a(x). What is the highest common factor of c and 27?
27
Let u = -12144 - -12159. Calculate the highest common divisor of u and 20970.
15
Suppose -3*x + 4*w + 173 = 0, -4*x + 3*w + 110 = -116. What is the highest common divisor of 2585 and x?
55
Let g be -2*(1494/12 - -7). Let f = g + 305. What is the greatest common factor of f and 12?
6
Suppose 14*h - 336 = -0*h. Suppose d + 3*t = 288, -4*d - 24*t + 26*t = -1096. Calculate the highest common divisor of h and d.
12
Let a be 12/(-9)*1*(-6)/4. Suppose a*c = 20*c - 180. What is the highest common divisor of 5 and c?
5
Let s(u) = -316*u - 655. Let z be s(-6). Calculate the highest common divisor of 146 and z.
73
Let a be (5/((-60)/1268)*-4)/((-14)/(-378)). What is the highest common divisor of a and 36?
36
Suppose 3*h - 1095 = -5*f, -69*f + h = -67*f - 427. What is the highest common factor of 972 and f?
108
Let v be -11 + 7 + (-1)/(-3)*69. Suppose -2*b - 2*b = -5*t + 744, -t + b = -148. What is the greatest common divisor of v and t?
19
Suppose -4*l - 28 = -8. Let o be (7/l - 6/(-15)) + 25. What is the highest common factor of o and 312?
24
Suppose -3*a = -4*n - a + 22, -3*n + a + 16 = 0. Suppose -15 - 15 = -n*p. What is the greatest common divisor of 24 and p?
6
Suppose 3 = -2*y + 9. Let t be y - 7/2 - (-1765)/10. Calculate the greatest common divisor of 32 and t.
16
Let y = -9230 - -9272. Calculate the highest common divisor of y and 6258.
42
Suppose 331*d + 195*d - 3570 = -69*d. Suppose 3*o - 47 = 13. What is the highest common factor of o and d?
2
Let t(k) = -k**3 + 5*k**2 - k - 7. Let s be t(4). Suppose s*q - 17 = 33. Suppose 26 + q = l. Calculate the greatest common factor of 144 and l.
36
Let b(p) = p**2 + 2*p - 6. Let f be b(6). Suppose 2*z - f = -19*z. Calculate the greatest common divisor of 2 and z.
2
Let k be (-12)/(-48) - (-115)/20. Suppose 2976 = -k*l + 14*l. What is the greatest common factor of l and 24?
12
Let r(l) = -18*l**2 - 108*l. Let y be r(-6). Suppose y = -71*m + 76*m - 525. What is the greatest common divisor of m and 175?
35
Suppose 108*o = -170*o - 45 + 1435. What is the highest common divisor of 2 and o?
1
Let p = -43999 + 51229. What is the highest common divisor of p and 270?
30
Suppose -63013 = -943*q + 21857. Let w = -3 + 43. Calculate the greatest common factor of q and w.
10
Let y = -28127 + 32021. What is the highest common divisor of 354 and y?
354
Let h(n) = -n**3 - 5*n**2 - 20*n - 95. Let c be h(-5). Suppose -c*d - 120 = -5*x, 85*x - 120 = 80*x - 3*d. Calculate the greatest common divisor of 312 and x.
24
Let b = 15876 - 5948. What is the highest common factor of 34 and b?
34
Let g be (-22)/77 + 702/7. Suppose 23*h = 24*h - g. Let t = h - 84. Calculate the highest common factor of 32 and t.
16
Suppose 7*o + 201 = -16. Let w = o + 49. What is the highest common factor of w and 81?
9
Let g = 197 + -31. Suppose -157*k + g*k - 180 = 0. Calculate the highest common factor of 460 and k.
20
Let b be 23674/178 + (-3 - -2 - 32/4). Let a(v) = 7*v**2 - 2*v - 1. Let r be a(-1). What is the highest common factor of b and r?
4
Suppose -4392 = v + 3*v + 4*f, 3*v = -4*f - 3292. Let o be v/(-28) - (-2)/(-7). Let u be (6/(-2))/(o/(-1144)). Calculate the greatest common factor of 11 and u.
11
Let o(j) = -28 - 2*j**2 + 47*j - 47 + 0*j**2 + 21. Let d be o(22). Calculate the greatest common divisor of d and 20.
4
Let v = 276 - 272. Suppose v = -m, m - 18 = -t + 36. Calculate the greatest common factor of t and 29.
29
Let w be -12 - (-13 + 63 - 1). Let f be ((-2)/(-3))/((-2)/(-393)). Let s = f + w. Calculate the greatest common factor of s and 14.
14
Let f be (148 - 128)*(-2)/(-10) - -5. Suppose 4*h - v + 105 - 392 = 0, -h + 77 = 5*v. What is the greatest common factor of h and f?
9
Let i = -3097 - -3535. What is the greatest common divisor of i and 146?
146
Suppose 12329*l - 12296*l - 550 = 21956. What is the greatest common divisor of l and 558?
62
Let n be (-1*(5412/9 - -2))/(5/(-90)). What is the greatest common factor of 60 and n?
60
Let i = -120 + 119. Let y be ((-7)/14)/(i/10). What is the greatest common factor of 5 and y?
5
Let m = -11 + 14. Suppose -27 - 18 = -m*f. What is the greatest common divisor of f and 10?
5
Suppose -1452 = -5*t - 421 + 399. Calculate the greatest common divisor of t and 2717.
143
Let v be 159/(-53) + (0/(-1) - -5517). Calculate the greatest common divisor of 6 and v.
6
Let l be (6 - 65) + (-2 - 3). Let u be (169 - -1)*l/(-40). Calculate the highest common divisor of u and 16.
16
Let z(h) = -51*h - 2798. Let d be z(-57). Calculate the highest common divisor of d and 40657.
109
Let f be 398/(-2189)*2078/(-4) - (-6)/11. Let y = 187 + -112. Let b = f - y. What is the greatest common divisor of 5 and b?
5
Suppose 10*y - 